u(q) = -21*q**3 + 3*q**2 + 10*q + 26. List the prime factors of u(-3).
2, 5, 59
Suppose 75*l - p = 74*l + 1651, -4*l + 6590 = 3*p. What are the prime factors of l?
17, 97
Let v = 39 - 36. Suppose -277 = -v*p - 28. List the prime factors of p.
83
Let n(k) be the first derivative of 19*k**2/2 - 29*k - 4. What are the prime factors of n(7)?
2, 13
Suppose 0 = -7*j + 55 + 50. Let r(b) = b**3 + 14*b**2 + 8*b - 18. Let p be r(-13). Let n = p + j. What are the prime factors of n?
2, 31
Suppose -a = -3*a - 14. List the prime factors of 0/a + (-1 - -11).
2, 5
Suppose -8*w = -10*w + 212. Let o = -62 + w. What are the prime factors of o?
2, 11
What are the prime factors of 6/(-3) - (-355 - (2 + -1))?
2, 3, 59
Let n(t) = 310*t**2 + 12*t + 9. What are the prime factors of n(3)?
3, 5, 7
Let s = -3 + 7. Let y(c) = -c**3 + c**2 - c + 17. Let u be y(0). Suppose -z + s + u = 0. What are the prime factors of z?
3, 7
Let o be (-22 - -23)/(1/71). Suppose -377 = -6*j - o. List the prime factors of j.
3, 17
Suppose -2*k + 4 = 2*h + 2*k, 4*h + k - 8 = 0. Suppose 4*t - 4*m = 284, -2*m = -3*m - h. What are the prime factors of t?
3, 23
Suppose p + 3*p - 156 = 0. Let w(r) = r + 2. Let f be w(1). Suppose p = 2*o - 3*z, f*z + z - 84 = -3*o. What are the prime factors of o?
2, 3
Suppose t + 5*r + 16 = 1, t - r - 9 = 0. Suppose -4*o - t*c = -229, 163 = o + 2*o + 2*c. List the prime factors of o.
3, 17
Let a(v) = -638*v + 73. What are the prime factors of a(-1)?
3, 79
Let c(j) = j**2 + 7*j + 2. Let x be c(-7). Suppose -4*n - 2*b + 212 = 0, 3*n + x*n - 262 = -4*b. Suppose a - n = -2*a. What are the prime factors of a?
2, 3
Let t(k) = 2*k**2 + k - 5. Suppose r = 10 - 3. Let j = 3 - r. What are the prime factors of t(j)?
23
Let h be ((-2)/(-2))/((-1)/7). Let z = 4 + h. List the prime factors of -27*(-3 - 8/z).
3
Let v(r) = 2*r**3 + 37*r**2 - 4*r - 129. List the prime factors of v(-15).
2, 3, 251
Suppose 2*c + 17 = -141. Let w = 61 - c. Suppose 2*n + 2*n + w = 4*b, -3*b = -4*n - 105. List the prime factors of b.
5, 7
Suppose 24*d - 2*d = 44. Suppose -3*g + 220 = -59. Suppose 0 = h + d*h - g. List the prime factors of h.
31
Let i be (24/5)/(-4)*5. Let g(c) = c**2 + 2. List the prime factors of g(i).
2, 19
Suppose 3*a + 5*r = -0*a + 25, -20 = a - 4*r. Suppose 2*p = 5*g - 30, -4*g + 9*g + 5*p + 5 = 0. Suppose a = g*f + f - 155. What are the prime factors of f?
31
Let c = -46 + 162. Let b = c - 85. List the prime factors of b.
31
Suppose 4*z + 9*m - 5*m - 1008 = 0, 2*m = 3*z - 771. List the prime factors of z.
3, 5, 17
Suppose 2*y - 3 = 5. Let h(r) = y*r**2 + 16 - 8 - 6. List the prime factors of h(-3).
2, 19
Let v = -168 + 168. Suppose -4*c + 33 + 11 = v. List the prime factors of c.
11
Let c be 2*(2 + -3) + 2. Suppose -4*b - 3*i - 4 = -4*i, 2*b + i + 2 = c. What are the prime factors of b*4/(-8)*34?
17
Let a be -1 - (-2 + 2) - 6. Let w be a - (-3 - -2) - 2. Let d = w - -13. What are the prime factors of d?
5
Let b be (-6 - -1) + 194 + 5. Let r = 367 - b. List the prime factors of r.
173
Suppose 3*q - 314 = 445. What are the prime factors of q?
11, 23
Let h(o) = -10*o + 20. Suppose f = -0*f - 7. List the prime factors of h(f).
2, 3, 5
Suppose -5*b + 9 = 3*v, 2*b - b - 6 = -2*v. Suppose q + 5*m = 37, 0 = -q - m + 4*m - v. What are the prime factors of q/(-16) + 94/8?
11
Let m(p) = 44*p - 13. Let q be m(4). Let u = q - 69. Let k = u - 61. List the prime factors of k.
3, 11
Let n(x) = -2*x**3 - 30*x**2 - 2*x - 30. List the prime factors of n(-16).
2, 257
Let d be 2/(-6 - -4) + -19. Let m = 24 + d. Suppose -3*w - 33 = -m*w. List the prime factors of w.
3, 11
Let v = -139 - -321. What are the prime factors of v?
2, 7, 13
Suppose -5*g - 2*f + 65 = 0, -3*g + 62 = 3*f + 14. Let l(r) = r**2 + 6*r - 15. List the prime factors of l(g).
2, 43
Suppose 10974 - 719 = 5*v. What are the prime factors of v?
7, 293
Let l(d) = d**2 + 1. Suppose 8 = 2*n + 2*n. Let c be l(n). Suppose 0*g - c*g + 115 = 0. What are the prime factors of g?
23
Suppose 0 = 3*s + 3*k - 7*k - 2, -5*k + 15 = 5*s. Let r = -130 + 265. Suppose s*b = -b + r. What are the prime factors of b?
3, 5
Let s be 0/3 - -1 - 1. Suppose -2*c - 4*b - 372 = s, b = -4 + 2. List the prime factors of 9/(-12) - c/8.
2, 11
Let r = 2565 + -933. What are the prime factors of r?
2, 3, 17
Let s(z) = 4*z**2 - 5*z + 1. Let g be s(4). Let x = -41 - -63. Let o = g - x. List the prime factors of o.
23
Let p(w) = w**3 + w**2 + w + 4. Let v be p(0). Suppose l = v*l + g - 552, 0 = -2*l - 3*g + 375. What are the prime factors of l?
3, 61
Let g = 785 + -552. List the prime factors of g.
233
Let y(f) = 82*f**3 - 1. Let r be y(1). Let d = r - 119. What are the prime factors of d/(-3 + 4/2)?
2, 19
Let x(z) = 7*z**2 + 4*z - 1. Let c be (1/(-3))/(4/48). Let w be x(c). Suppose 0 = 5*q - 105 - w. List the prime factors of q.
2, 5
Suppose -12 = 2*v - 6*v. Suppose -5*m = -9*k + 4*k - 485, 91 = m - v*k. What are the prime factors of m?
2, 5
Suppose -165 = -5*z + 140. Suppose 3*x = 3*a + 15, 5*x - a - 9 = 4. Suppose -x*k + b = -59, -3*b + z = 2*k - 2*b. List the prime factors of k.
2, 3, 5
Let t(g) = g**2 - 3*g - 337. What are the prime factors of t(-46)?
3, 71
Suppose 2*o + 15595 = 5*w, -5*w + 15575 = -20*o + 22*o. List the prime factors of w.
3, 1039
Let u(k) = -1 - 13*k**2 + 45*k**2 + 481*k - 482*k. List the prime factors of u(-1).
2
Let y be (-2)/(-4) - (-22)/4. Let b(z) = -10*z - 120. Let p be b(-12). Suppose -m - y*m + 406 = p. List the prime factors of m.
2, 29
Let p(w) = 63*w**2 + w - 1. List the prime factors of p(6).
2273
Suppose 5*w + 161 = -4*t, -3*w + w + 4*t - 42 = 0. Let z = 62 + w. Let b = z + 3. List the prime factors of b.
2, 3
Suppose -8*q = -0*q - 680. Suppose 0 = -5*f + 5*v + q, -3 = -2*v + 3. List the prime factors of f.
2, 5
Suppose 0 = p - 5*q - 250, p - q = 2*p - 262. List the prime factors of p.
2, 5, 13
Suppose -4*m = -3*l + 12, 4*m = -l - 0 + 4. Suppose m = -5*f - 2*g + 173, 14 + 3 = f - 4*g. List the prime factors of f.
3, 11
Let d(i) = -i**2 + i + 1. Let b(l) = -l**3 - 17*l**2 - 5*l + 6. Let k(g) = b(g) - 6*d(g). What are the prime factors of k(-10)?
2, 5
Suppose 6*n - 2*n = 16. Suppose -195 = -n*k - k. Let g = -16 + k. What are the prime factors of g?
23
Suppose 12*p = 7*p + 6990. What are the prime factors of p?
2, 3, 233
Suppose h = 3*h - 4. Suppose -h*n + 36 = -0*n. Suppose -p + 4*u = -n + 3, -u = p. List the prime factors of p.
3
Let m(h) = 5*h - 16. Let j be m(4). Suppose 5*o - 107 = j*o - 2*n, 3*o = -3*n + 333. What are the prime factors of o?
5, 23
What are the prime factors of (4/(-6))/((-14)/13209)?
17, 37
Suppose 15*b = 12*b - 57. Let s = 105 - b. List the prime factors of s.
2, 31
What are the prime factors of (-9)/12 - -1 - (-122744)/32?
2, 7, 137
Let n(x) = 4*x**2 - 128*x + 128. What are the prime factors of n(38)?
2, 5, 13
Let x(w) be the first derivative of -w**4/4 - 7*w**3/3 - 5*w**2 + 10*w + 18. What are the prime factors of x(-6)?
2, 17
Suppose -5*i + 1123 - 323 = 0. Suppose -4*n = -2 - 6, -i = -z - 4*n. Suppose 0 = -2*u - 2, -4*y + 3*u + u + z = 0. List the prime factors of y.
37
Let v be 7*1 + -25 + 21. Suppose f = 2*h + 79, -188 = -v*f + 2*h + 49. List the prime factors of f.
79
Let p = -23 + 32. Suppose j + p = 4*j. Suppose 1 = -j*h + r + 16, 10 = 2*h - 3*r. List the prime factors of h.
5
Let n be 0/((-1)/(-1) - 0). Let u(f) = -f**2 + f + 40. Let z be u(n). Suppose 5*r - 30 = z. What are the prime factors of r?
2, 7
List the prime factors of (-28622)/(-55) + 12/(-30).
2, 5, 13
Let x(y) = y**3 + 8*y**2 + 5*y - 7. Let v be x(-7). Suppose -354 = -5*g + b, 5*g + v*b = 2*b + 330. List the prime factors of g.
2, 5, 7
Let o be 3*((-28)/6)/(-7). Suppose -25 = -o*x - 3*x. What are the prime factors of 14 + -4 + x/1?
3, 5
Let w(u) = -u - 2. Let t be w(-10). Let b(g) = 8 - 1 + 3*g + 1 - g. List the prime factors of b(t).
2, 3
Let t = -74 + 300. Suppose 0 = 5*c - 2*y - 286, c + 3*y + t = 5*c. List the prime factors of c.
2, 29
Let q(c) = 27*c + 2. Let d(b) = 54*b + 3. Let k(m) = -3*d(m) + 5*q(m). Let n be k(-1). Let y = -13 + n. What are the prime factors of y?
3, 5
Suppose z + 4*s - 57 = 0, -4*s + 59 = -3*z + 230. List the prime factors of z.
3, 19
Let g = 6165 - 2506. What are the prime factors of g?
3659
Suppose 2*s = -4*s - 3